y 4339.
48
What is the remainder when 2899 is divided by 474?
55
Calculate the remainder when 660 is divided by 358.
302
What is the remainder when 100083 is divided by 50035?
13
What is the remainder when 131015 is divided by 58?
51
What is the remainder when 309061 is divided by 50?
11
Calculate the remainder when 153872 is divided by 618.
608
Calculate the remainder when 67437 is divided by 14.
13
Calculate the remainder when 4753 is divided by 183.
178
What is the remainder when 42516 is divided by 417?
399
Calculate the remainder when 103839 is divided by 59.
58
What is the remainder when 11006 is divided by 1090?
106
What is the remainder when 452981 is divided by 934?
925
Calculate the remainder when 9373 is divided by 3070.
163
Calculate the remainder when 123276 is divided by 1666.
1658
Calculate the remainder when 2613 is divided by 457.
328
Calculate the remainder when 1262374 is divided by 420791.
1
Calculate the remainder when 78751 is divided by 26246.
13
What is the remainder when 37094 is divided by 12363?
5
Calculate the remainder when 19291 is divided by 184.
155
Calculate the remainder when 6476269 is divided by 47.
45
What is the remainder when 7526 is divided by 251?
247
What is the remainder when 2002 is divided by 414?
346
What is the remainder when 3327 is divided by 32?
31
Calculate the remainder when 8455 is divided by 7915.
540
Calculate the remainder when 1473 is divided by 218.
165
Calculate the remainder when 4108 is divided by 792.
148
What is the remainder when 1415 is divided by 102?
89
Calculate the remainder when 23356 is divided by 1118.
996
Calculate the remainder when 13610 is divided by 6794.
22
What is the remainder when 637998 is divided by 145?
143
Calculate the remainder when 5078 is divided by 132.
62
Calculate the remainder when 5864 is divided by 1438.
112
What is the remainder when 12322 is divided by 123?
22
What is the remainder when 3121 is divided by 371?
153
What is the remainder when 793 is divided by 265?
263
What is the remainder when 10154 is divided by 39?
14
Calculate the remainder when 210333 is divided by 35.
18
What is the remainder when 18942 is divided by 4732?
14
What is the remainder when 568881 is divided by 122?
117
Calculate the remainder when 45779 is divided by 388.
383
Calculate the remainder when 5094 is divided by 58.
48
What is the remainder when 14964 is divided by 2136?
12
Calculate the remainder when 88580 is divided by 515.
0
What is the remainder when 327839 is divided by 219?
215
Calculate the remainder when 23713 is divided by 325.
313
Calculate the remainder when 38962 is divided by 19.
12
Calculate the remainder when 7890 is divided by 164.
18
What is the remainder when 318752 is divided by 3?
2
Calculate the remainder when 30622 is divided by 8.
6
What is the remainder when 93106 is divided by 329?
328
Calculate the remainder when 820 is divided by 639.
181
What is the remainder when 2877533 is divided by 8?
5
Calculate the remainder when 16521 is divided by 262.
15
What is the remainder when 11608 is divided by 5790?
28
What is the remainder when 39121 is divided by 69?
67
What is the remainder when 36429 is divided by 198?
195
What is the remainder when 76449 is divided by 120?
9
What is the remainder when 5873 is divided by 808?
217
What is the remainder when 57338 is divided by 70?
8
Calculate the remainder when 22795 is divided by 268.
15
Calculate the remainder when 2985 is divided by 1479.
27
Calculate the remainder when 108284 is divided by 1289.
8
Calculate the remainder when 175415 is divided by 65.
45
Calculate the remainder when 16041 is divided by 3196.
61
Calculate the remainder when 3882 is divided by 963.
30
What is the remainder when 1688 is divided by 14?
8
Calculate the remainder when 5440288 is divided by 123.
121
What is the remainder when 59778 is divided by 138?
24
What is the remainder when 501373 is divided by 75?
73
Calculate the remainder when 433595 is divided by 28.
15
What is the remainder when 8451 is divided by 2?
1
Calculate the remainder when 110980 is divided by 1067.
12
Calculate the remainder when 7662 is divided by 7653.
9
What is the remainder when 402 is divided by 235?
167
Calculate the remainder when 10834 is divided by 417.
409
Calculate the remainder when 11919 is divided by 1701.
12
What is the remainder when 7451 is divided by 21?
17
Calculate the remainder when 100340 is divided by 33424.
68
Calculate the remainder when 37770 is divided by 187.
183
Calculate the remainder when 667 is divided by 157.
39
What is the remainder when 857 is divided by 137?
35
Calculate the remainder when 147945 is divided by 36984.
9
What is the remainder when 324557 is divided by 679?
674
What is the remainder when 2039339 is divided by 679776?
11
What is the remainder when 11823 is divided by 1966?
27
What is the remainder when 398 is divided by 220?
178
What is the remainder when 7008 is divided by 79?
56
What is the remainder when 15414 is divided by 280?
14
What is the remainder when 855592 is divided by 124?
116
What is the remainder when 239311 is divided by 239309?
2
What is the remainder when 8559 is divided by 775?
34
What is the remainder when 703 is divided by 120?
103
Calculate the remainder when 3275 is divided by 3253.
22
Calculate the remainder when 3294 is divided by 1062.
108
Calculate the remainder when 6734 is divided by 70.
14
Calculate the remainder when 338831 is divided by 7.
3
What is the remainder when 53431 is divided by 5931?
52
What is the remainder when 49763 is divided by 2488?
3
Calculate the remainder when 40065 is divided by 7994.
95
What is the remainder when 614285 is divided by 122852?
25
What is the remainder when 93920 is divided by 7224?
8
What is the remainder when 179147 is divided by 67?
56
Calculate the remainder when 2482435 is divided by 17.
10
What is the remainder when 13226 is divided by 1613?
322
Calculate the remainder when 25387 is divided by 1951.
24
What is the remainder when 24272 is divided by 4828?
132
Calculate the remainder when 243032 is divided by 7147.
34
What is the remainder when 25995 is divided by 1529?
2
Calculate the remainder when 1354 is divided by 111.
22
What is the remainder when 4113 is divided by 4103?
10
Calculate the remainder when 965813 is divided by 58.
55
What is the remainder when 17905 is divided by 276?
241
Calculate the remainder when 29582 is divided by 4120.
742
What is the remainder when 23226 is divided by 264?
258
What is the remainder when 408 is divided by 141?
126
Calculate the remainder when 87551 is divided by 65.
61
What is the remainder when 90247 is divided by 23?
18
Calculate the remainder when 179611 is divided by 54.
7
What is the remainder when 2750 is divided by 547?
15
Calculate the remainder when 5669 is divided by 1123.
54
What is the remainder when 17414 is divided by 130?
124
What is the remainder when 2506 is divided by 315?
301
Calculate the remainder when 60291 is divided by 75.
66
Calculate the remainder when 5561 is divided by 2647.
267
Calculate the remainder when 119652 is divided by 7.
1
What is the remainder when 347256 is divided by 6945?
6
What is the remainder when 11453 is divided by 573?
566
What is the remainder when 3039 is divided by 1497?
45
Calculate the remainder when 89293 is divided by 99.
94
Calculate the remainder when 2869583 is divided by 626.
625
What is the remainder when 19041 is divided by 293?
289
Calculate the remainder when 53801 is divided by 137.
97
Calculate the remainder when 613 is divided by 604.
9
What is the remainder when 383911 is divided by 1284?
1279
Calculate the remainder when 33577 is divided by 39.
37
Calculate the remainder when 34278 is divided by 1127.
468
What is the remainder when 457 is divided by 17?
15
Calculate the remainder when 70980 is divided by 163.
75
Calculate the remainder when 19808 is divided by 2794.
250
What is the remainder when 665904 is divided by 51?
48
What is the remainder when 1192 is divided by 560?
72
Calculate the remainder when 850 is divided by 200.
50
What is the remainder when 7839 is divided by 217?
27
What is the remainder when 78810 is divided by 567?
564
Calculate the remainder when 206954 is divided by 62.
60
What is the remainder when 55